- (0 - (0 + -1))?
2
What is the value of -3 + -10 - (-18 - 2)?
7
-1 - (-13 + 13) - (-6 + -1)
6
What is -5 - (1 - -6 - 1 - 6)?
-5
Evaluate 11 - (0 + 7) - (1 + 5).
-2
Evaluate 6 + -10 + (6 - 1).
1
What is 0 + (0 - 1) + -4?
-5
Evaluate -3 - (8 - 6) - 0.
-5
What is the value of (6 - 11) + 1 + 9 - 6?
-1
3 - (5 + (2 - -1))
-5
What is the value of -2 - -4 - (-1 + (-4 - -3))?
4
Evaluate -3 + (0 - -5) - (0 + 0).
2
What is (8 - 6 - -3) + -3?
2
What is (-4 - -4 - -11) + -12?
-1
(-2 - -3) + -1 + 0 - -3
3
Evaluate -4 - -4 - -4 - 4.
0
Calculate -2 + 9 + (2 - 7 - -2).
4
(-1 - 1) + -1 + 2 + -2
-3
What is 4 - ((6 - 3) + 1)?
0
1 - (11 + (-7 - 1))
-2
Calculate -6 - (5 + (0 - 4)) - -1.
-6
What is 67 - 60 - (-1 - -15)?
-7
Evaluate -7 + -4 + 8 + -2.
-5
What is -2 + 5 + (-16 - -18)?
5
-3 + 14 - (6 - -1)
4
What is the value of 0 - (2 + (-3 - -3) + 2)?
-4
3 + -1 + -20 + 20
2
Calculate -6 - (0 - (6 + -5)).
-5
Evaluate (3 - -4 - 5) + -5 + -2.
-5
Evaluate 3 - (5 - 11 - -6).
3
-2 + (8 - 1) + -10
-5
Calculate -3 + 4 + (-2 - 3) + 3.
-1
What is 4 + (2 - (-3 + 5)) + -8?
-4
1 + (-7 - 0) + 0
-6
8 + -4 - (10 + -1)
-5
Calculate (0 - (0 + -4 + -1)) + -1.
4
0 - -14 - (14 + -2)
2
Calculate 11 + -8 + 4 - (8 + -2).
1
What is the value of -1 - (-2 + 5 + -8 + 2)?
2
55 - 64 - (-1 + -4)
-4
What is the value of -12 + 0 + 6 - -15?
9
(-1 - 1 - -3) + -4
-3
(-7 - (4 + -10)) + -3 - -9
5
What is (1 - 7) + -11 + 10?
-7
Calculate 2 - (2 + -2 + 0).
2
6 + -3 + -3 + 3
3
What is 3 - (9 + -4 + -3)?
1
Calculate (-1 + -6 - -8) + (2 - 0).
3
4 + -3 - (-3 - -6)
-2
What is the value of -4 + 0 + (2 - -1 - -1)?
0
Calculate 2 - (5 + (-3 - -4)).
-4
(-6 - 4) + 9 + -3
-4
What is -2 + 0 + (2 - (-1 - -4))?
-3
Calculate (2 - -5) + -6 - (-3 + 1).
3
What is the value of 4 + -5 - 0 - 2?
-3
Evaluate 0 - -2 - (-1 + -1).
4
-2 + 2 + (-6 - -8) + 2
4
What is the value of 7 + -3 - (10 - 14)?
8
Evaluate 5 + -6 + (4 - 1) + 1.
3
Calculate (-6 - (-9 + -11)) + -6.
8
Calculate -8 - (0 + (-3 - -1 - 2)).
-4
What is the value of 1 - (-1 + -3) - (24 + -22)?
3
What is (-2 - (-1 + 3)) + -6 + 10?
0
-17 - (4 - 14) - (1 - 7)
-1
Calculate -2 - (19 + -16 + (0 - 4)).
-1
What is 0 + 1 + -4 - 2 - -12?
7
What is the value of -36 + 38 + (-1 - 2)?
-1
Evaluate 2 + 4 + (-2 - 3).
1
Calculate -6 - -9 - (2 + 9).
-8
(-5 - (24 + -14)) + 20
5
Evaluate -3 - (-1 + 6 + 0 + -4).
-4
What is 5 + (7 - 6) - 7?
-1
Evaluate (37 - 32) + (-1 - -2) + -7.
-1
Calculate 5 + -1 - (-1 - (12 - 24)).
-7
What is the value of 8 + -13 + 21 - (1 - -6)?
9
Evaluate 18 + -16 + (2 - 0).
4
Evaluate (-6 - -5) + 1 + 5.
5
Calculate -8 - ((-9 - -14) + -19).
6
-5 - -1 - (39 + -37)
-6
Evaluate -8 + (-3 - (-7 + -3)) + -1.
-2
What is the value of -6 - (5 - 10) - 1?
-2
What is the value of -4 - -3 - (-3 + -1)?
3
Calculate -5 + 14 + -2 - 13.
-6
Calculate (3 - (-4 - -8)) + 0.
-1
What is the value of -41 + 42 - (-2 - -13)?
-10
Evaluate 1 + 4 + (-7 - -1) + 7.
6
What is -7 + (-1 - ((4 - 2) + -5))?
-5
Evaluate 2 - (4 + -5 + 6 - 3).
0
Evaluate -12 + 1 + 16 + 8 + -19.
-6
-1 - (8 + -8 + 3)
-4
What is 8 - (7 - 2) - 6?
-3
Calculate 4 - (-1 + 3 - (-2 - -4)).
4
What is the value of (-1 - (3 - 3)) + 5 - 7?
-3
Evaluate 12 + (8 - -1) + -11.
10
What is the value of -1 + -1 + 5 - 8?
-5
(-4 - (-9 - -19)) + 9
-5
What is the value of -4 + 4 + 0 + 0 - 1?
-1
What is the value of 2 + -1 + -2 + 1 + -3?
-3
Calculate -2 - -6 - 6 - 0.
-2
5 - (14 - (-6 + 12))
-3
-5 + (8 - 3 - (2 - 1))
-1
7 - 8 - (0 + -2)
1
Evaluate (1 - (5 - -4)) + 3.
-5
Calculate -2 - (14 - 6 - 15).
5
Calculate (2 + -19 - -11) + 11.
5
Evaluate 9 - (11 + -4 + 3).
-1
1 + 1 + (6 - 5)
3
What is 11 - (14 + -6) - (1 - -7)?
-5
(-6 - 1) + 0 + 5 - -5
3
What is 2 + -1 + -17 + 18?
2
What is -1 + (7 - 7) + (6 - -2)?
7
6 + -9 + -5 + 2 + 1
-5
Calculate 44 - 46 - (7 - (2 + -1)).
-8
What is -5 + (2 - (-8 + 7)) + 2?
0
Calculate (4 - 2 - (2 + -8)) + -6.
2
Calculate -3 + 3 + -3 - -4.
1
What is the value of 5 - 1 - (-6 - -4 - -3)?
3
What is -1 + 2 + -3 + 0 - 2?
-4
Evaluate -3 + 7 - -3 - (4 + -1).
4
What is 8 + -18 + 5 + 0 + 9?
4
Calculate 0 + -3 + 3 + 2 + -1.
1
What is 1 + 3 - 2 - (1 + 4)?
-3
Calculate 0 + 0 - (-15 + 12).
3
Evaluate 0 + -4 + -2 + 1.
-5
0 + 10 + -42 + 36 - -7
11
What is -5 + 15 + -7 + -1?
2
What is the value of (2 - (4 + 0)) + -1?
-3
(1 - 6) + -4 + 1 + 3
-5
Evaluate 3 + (1 + -3 - 1) + -3.
-3
9 - (0 - -2 - -5)
2
Calculate (-3 - (0 - 1)) + (8 - 5).
1
Evaluate -116 - -121 - ((-1 - 0) + 12).
-6
What is -1 + (9 + -22 - -12)?
-2
What is (4 - 0) + 1 - (-140 + 136)?
9
Evaluate -2 + (1 + 2 - 2) + 3.
2
Evaluate 2 - ((-4 - (1 - 3)) + -5).
9
Calculate (-1 - -1) + -11 + 11.
0
Evaluate -9 + 2 - (14 - 23).
2
What is 0 - (9 + -7) - (-5 + -1)?
4
What is -7 - -2 - (-5 + 0 - 7)?
7
What is (1 - 6) + (-15 - (6 - 19))?
-7
What is -4 + 3 + 1 - -3 - 1?
2
What is the value of 2 - (-1 - (-6 - -1))?
-2
(0 - (-2 + 1)) + -5
-4
Evaluate 123 + -122 - (-1 - 8).
10
Calculate -2 - ((17 - 12) + (1 - 5)).
-3
Evaluate 12 + 2 + -7 - 13.
-6
Calculate 3 + -1 + (6 - (3 - -1)).
4
Evaluate 4 - (2 - (5 - 15)).
-8
Evaluate -1 - -3 - (31 - 28).
-1
What is the value of -2 + 0 + (3 - -4) + -4?
1
What is the value of (0 - 2 - 1) + -8 + 6?
-5
6 + -3 - (9 - 1 - -3)
-8
Calculate 2 + -8 + 2 - (3 - 2).
-5
Evaluate 2 + -2 - (-2 - -6).
-4
Calculate -6 - (1 + 1 - (4 - 1)).
-5
14 - 11 - (1 - 0)
2
Calculate (-4 - -6) + 2 + -9 - 2.
-7
(0 + -9 - -1) + 10
2
2 + 1 - (1 - -5)
-3
What is the value of -11 - (-14 - 9 - -8)?
4
What is the value of 2 - (-2 + (3 + 5 - 4))?
0
Calculate (-2 - (-4 + 6) - -2) + 0.
-2
What is the value of -5 + (4 - (4 - 2))?
-3
Evaluate (48 - 56) + (0 - 1 - -5).
-4
What is 195 + -207 + -1 + 7?
-6
Calculate 4 - -4 - 14 - -12.
6
Evaluate 6 - ((12 - (1 + -5)) + -4).
-6
What is the value of (2 + (-4 - 1) - -1) + 11?
9
Calculate (4 - 4) + 11 + -6.
5
Evaluate -5 + 1 + 3 - 3 - -5.
1
(0 - 2) + (5 - 3)
0
-3 + -5 + 8 - (3 + -1)
-2
(-17 - -4) + -31 + 38
-6
Evaluate -6 - (-13 + (1 - -8)).
-2
Calculate -3 + 4 + (0 - -1).
2
Calculate -3 - (6 - 12) - -2.
5
Evaluate -119 + 129 - (8 - -1).
1
Evaluate -1 - -14 - 6 - 9.
-2
What is the value of -11 + 5 + 4 - -1?
-1
Calculate -8 - (6 + -25) - 10.
1
Evaluate (0 + 2 - 3 - -3) + -2.
0
What is the value of -4 + 9 - (-9 + 11)?
3
-8 + (-5 + 0 - -9)
-4
What is (-3 + 4 - 6) + (-1 - -4)?
-2
(5 - -1) + (-14 - -10) + 0
2
What is 13 + -18 + (5 - 0)?
0
What is -1 - (1 + (9 - 3 - 2))?
-6
What is -8 + (5 - 0) + 0?
-3
2 - (3 + (-3 - 1)) - 2
1
What is the value of -4 + 9 + -19 + 8?
-6
What is -10 + 1 + 9 + -3 - -8?
5
-4 - -2 - (-3 - -6)
-5
Calculate (-8 - -8) + (5 - 0).
5
What is -1 + 1 + (1 - -1) + -6?
-4
What is the value of 3 + (-11 - (-2 + -2)) - -1?
-3
What is the value of -3 - 7 - 1 - -2?
-9
Calculate 13 + (-2 - (2 + 3)).
6
Calculate -5 + 7 - 3 - (1 - 3).
1
8 + -3 - (-4 - -6)
3
What is (8 - 0) + -96 + 93?
5
What is -12 + 0 + (20 - 13)?
-5
Calculate 3 - 1 - 3 - 3.
-4
What is 4 - (5 + (-1 - 0) - 2)?
2
Calculate -5 - (0 - -5 - 10).
0
What is the value of 15 - 7 - (3 + 9)?
-4
(1 - 9) + (24 - 21)
-5
Calculate -18 - (9 + 3 + (-5 - 16)).
-9
Calculate 4 - (-8 - (0 + -8)).
4
Evaluate -2 + -5 + 11 - 9.
-5
Evaluate -1 + -6 + (-4 - -8 - -11).
8
What is -4 + 18 + -4 + 0 + -1?
9
Calculate (24 - 38 - -14) + (-1 - 1).
-2
Evaluate 7 - (9 + (-3 - 1)).
2
What is 0 + -3 + 3 - -2?
2
Evaluate (-7 - -5) + -4 - -9.
3
Evaluate 0 + -5 - (-1 + -4).
0
-8 - 1 - (12 + -12)
-9
-34 + 33 - (-1 + 3)
-3
What is (5 - 2) + -3 + -4 + 4?
0
What is the value of (-5 - (-5 + 4)) + (1 - -6)?
3
What is 0 - (-5 + 8) - (0 - 4)?
1
6 - ((-5 - 2) + 6 - -6)
1
What is -18 + 7 - 2 - -7?
-6
3 + (4 - (3 + -1)) + -2
3
Evaluate (-8 - -7) + -4 - -7.
2
What is -67 + 66 - (7 + -1)?
-7
Evaluate -11 - -16 - (9 - 1).
-3
3 + (4 - 7) + 2
2
What is the value of -10 - -6 - (2 - 3)?
-3
What is the value of -15 + 0 - (-182 - -174)?
-7
Evaluate 7 - (7 + 1 + 1 - 7).
5
(2 - 0 - (3 + -3)) + -6
-4
What is (0 - 3) + -13 + 25 + -7?
2
What is the value of 5 - (-2 - (-5 - 3) - -1)?
-2
What is the value of -3 + 0 + 4 - (-1 + 5)?
-3
What is the value of (-4 - (-4 - -3)) + 2?
-1
(1 - (-7 - -2)) + -5
1
Evaluate 2 + -7 + 0 + (8 - 4).
-1
Evaluate -2 + 4 - ((4 - 6) + 6).
-2
Evaluate -8 - (-1 - (2 + 9)).
4
What is the value of (5 - (-3 - 1)) + -5?
4
What is the value of 2 - 7 - (4 - 7)?
-2
Evaluate 4 + 11 - 7 - 2 - 6.
0
What is the value of 1 + -1 + 4 + 1 + -